{"id":296,"date":"2022-12-16T18:57:24","date_gmt":"2022-12-16T18:57:24","guid":{"rendered":"https:\/\/brujosfuertesyhechiceros.online\/?page_id=296"},"modified":"2022-12-16T19:05:07","modified_gmt":"2022-12-16T19:05:07","slug":"politicas-del-sitio","status":"publish","type":"page","link":"https:\/\/brujosfuertesyhechiceros.online\/?page_id=296","title":{"rendered":"Politicas del sitio"},"content":{"rendered":"\t\t<div data-elementor-type=\"wp-page\" data-elementor-id=\"296\" class=\"elementor elementor-296\">\n\t\t\t\t\t\t\t\t\t<section class=\"elementor-section elementor-top-section elementor-element elementor-element-b230727 elementor-section-full_width elementor-section-stretched elementor-section-height-default elementor-section-height-default\" data-id=\"b230727\" data-element_type=\"section\" data-settings=\"{&quot;stretch_section&quot;:&quot;section-stretched&quot;,&quot;background_background&quot;:&quot;classic&quot;}\">\n\t\t\t\t\t\t<div class=\"elementor-container elementor-column-gap-default\">\n\t\t\t\t\t<div class=\"elementor-column elementor-col-100 elementor-top-column elementor-element elementor-element-b74aacf\" data-id=\"b74aacf\" data-element_type=\"column\">\n\t\t\t<div class=\"elementor-widget-wrap elementor-element-populated\">\n\t\t\t\t\t\t\t\t<div class=\"elementor-element elementor-element-ae02f9e elementor-widget elementor-widget-text-editor\" data-id=\"ae02f9e\" data-element_type=\"widget\" data-widget_type=\"text-editor.default\">\n\t\t\t\t<div class=\"elementor-widget-container\">\n\t\t\t<style>\/*! elementor - v3.7.6 - 15-09-2022 *\/\n.elementor-widget-text-editor.elementor-drop-cap-view-stacked .elementor-drop-cap{background-color:#818a91;color:#fff}.elementor-widget-text-editor.elementor-drop-cap-view-framed .elementor-drop-cap{color:#818a91;border:3px solid;background-color:transparent}.elementor-widget-text-editor:not(.elementor-drop-cap-view-default) .elementor-drop-cap{margin-top:8px}.elementor-widget-text-editor:not(.elementor-drop-cap-view-default) .elementor-drop-cap-letter{width:1em;height:1em}.elementor-widget-text-editor .elementor-drop-cap{float:left;text-align:center;line-height:1;font-size:50px}.elementor-widget-text-editor .elementor-drop-cap-letter{display:inline-block}<\/style>\t\t\t\t<p><img loading=\"lazy\" class=\"alignnone size-medium wp-image-186\" src=\"http:\/\/brujosfuertesyhechiceros.online\/wp-content\/uploads\/2022\/09\/Menores-de-18-300x203.png\" alt=\"\" width=\"300\" height=\"203\" srcset=\"https:\/\/brujosfuertesyhechiceros.online\/wp-content\/uploads\/2022\/09\/Menores-de-18-300x203.png 300w, https:\/\/brujosfuertesyhechiceros.online\/wp-content\/uploads\/2022\/09\/Menores-de-18-768x519.png 768w, https:\/\/brujosfuertesyhechiceros.online\/wp-content\/uploads\/2022\/09\/Menores-de-18.png 860w\" sizes=\"(max-width: 300px) 100vw, 300px\" \/><\/p><p>No trabajamos con menores de edad<\/p><p><span style=\"vertical-align: inherit;\"><span style=\"vertical-align: inherit;\"><span style=\"vertical-align: inherit;\"><span style=\"vertical-align: inherit;\"><span style=\"vertical-align: inherit;\">Ning\u00fan resultado est\u00e1 garantizado al 100%. <\/span><\/span><\/span><span style=\"vertical-align: inherit;\"><span style=\"vertical-align: inherit;\"><span style=\"vertical-align: inherit;\">Todos los resultados var\u00edan seg\u00fan la persona y el seguimiento que se realiza.<\/span><\/span><\/span><\/span><\/span><\/p><div><span style=\"vertical-align: inherit;\"><span style=\"vertical-align: inherit;\"><span style=\"vertical-align: inherit;\"><span style=\"vertical-align: inherit;\"><span style=\"vertical-align: inherit;\">CONDICIONES DE USO Y T\u00c9RMINOS: Ning\u00fan resultado est\u00e1 garantizado al 100%. <\/span><\/span><\/span><span style=\"vertical-align: inherit;\"><span style=\"vertical-align: inherit;\"><span style=\"vertical-align: inherit;\">Todos los resultados var\u00edan seg\u00fan la persona y el seguimiento que se realiza. <\/span><\/span><\/span><span style=\"vertical-align: inherit;\"><span style=\"vertical-align: inherit;\"><span style=\"vertical-align: inherit;\">ADVERTENCIA: Este sitio debe ser accedido \u00fanicamente por personas mayores de edad. <\/span><\/span><\/span><span style=\"vertical-align: inherit;\"><span style=\"vertical-align: inherit;\"><span style=\"vertical-align: inherit;\">Todos los procedimientos que se realizan a partir de este lugar, son con fines de recreaci\u00f3n y entretenimiento de los usuarios. <\/span><\/span><\/span><span style=\"vertical-align: inherit;\"><span style=\"vertical-align: inherit;\"><span style=\"vertical-align: inherit;\">POL\u00cdTICA DE LLAMADAS: Las llamadas o mensajes de texto a cualquiera de los n\u00fameros de contacto, tienen costo y var\u00edan de acuerdo al operador de telefon\u00eda del usuario. <\/span><\/span><\/span><span style=\"vertical-align: inherit;\"><span style=\"vertical-align: inherit;\"><span style=\"vertical-align: inherit;\">Para mayor informaci\u00f3n sobre costos, puede consultar con su proveedor de servicio telef\u00f3nico. <\/span><\/span><\/span><span style=\"vertical-align: inherit;\"><span style=\"vertical-align: inherit;\"><span style=\"vertical-align: inherit;\">El simple uso de este sitio web, no genera costos para el usuario.<\/span><\/span><\/span><span style=\"vertical-align: inherit;\"><span style=\"vertical-align: inherit;\"><span style=\"vertical-align: inherit;\">Los costos que se pueden generar por llamadas, mensajes de texto o uso de aplicaciones como whatsapp, <\/span><\/span><\/span><span style=\"vertical-align: inherit;\"><span style=\"vertical-align: inherit;\"><span style=\"vertical-align: inherit;\">est\u00e1n sujetos a los costos por contrataci\u00f3n de plan de servicios de cada usuario con su proveedor de servicio telef\u00f3nico. <\/span><\/span><\/span><span style=\"vertical-align: inherit;\"><span style=\"vertical-align: inherit;\"><span style=\"vertical-align: inherit;\">POL\u00cdTICA DE REEMBOLSOS: Los resultados de los servicios aqu\u00ed ofrecidos, var\u00edan de una persona a otra, todos los casos son diferentes. <\/span><\/span><\/span><span style=\"vertical-align: inherit;\"><span style=\"vertical-align: inherit;\"><span style=\"vertical-align: inherit;\">El usuario puede contratar cualquiera de los servicios aqu\u00ed ofrecidos a trav\u00e9s del contacto telef\u00f3nico o mediante correo electr\u00f3nico. <\/span><\/span><\/span><span style=\"vertical-align: inherit;\"><span style=\"vertical-align: inherit;\"><span style=\"vertical-align: inherit;\">El costo que pueda generar cualquiera de los servicios ofrecidos, es acordado entre las partes y debe ser pagado a trav\u00e9s de: Servientrega, Pagatodo, Bancolombia, Baloto, Western Union, Efecty y\/o MoneyGram.<\/span><\/span><\/span><span style=\"vertical-align: inherit;\"><span style=\"vertical-align: inherit;\"><span style=\"vertical-align: inherit;\">POL\u00cdTICAS DE PRIVACIDAD: El usuario declara que los datos que aqu\u00ed se solicitan, son entregados de manera voluntaria con el \u00fanico objetivo de ser usados \u200b\u200bpara consulta. <\/span><\/span><\/span><span style=\"vertical-align: inherit;\"><span style=\"vertical-align: inherit;\"><span style=\"vertical-align: inherit;\">No recolectamos ning\u00fan tipo de informaci\u00f3n personal de tratamiento sensible: religiosa, <\/span><\/span><\/span><span style=\"vertical-align: inherit;\"><span style=\"vertical-align: inherit;\"><span style=\"vertical-align: inherit;\">privada y personal o financiera, el usuario podr\u00e1 sustituir su nombre por seud\u00f3nimos si as\u00ed lo desea. <\/span><\/span><\/span><span style=\"vertical-align: inherit;\"><span style=\"vertical-align: inherit;\"><span style=\"vertical-align: inherit;\">La informaci\u00f3n que se le proporciona al usuario se hace bajo la autorizaci\u00f3n del mismo y se emplea con multas de estudio de su caso.<\/span><\/span><\/span><\/span><\/span><\/div>\t\t\t\t\t\t<\/div>\n\t\t\t\t<\/div>\n\t\t\t\t\t<\/div>\n\t\t<\/div>\n\t\t\t\t\t\t\t<\/div>\n\t\t<\/section>\n\t\t\t\t<section class=\"elementor-section elementor-top-section elementor-element elementor-element-259e1c6 elementor-section-boxed elementor-section-height-default elementor-section-height-default\" data-id=\"259e1c6\" data-element_type=\"section\">\n\t\t\t\t\t\t<div class=\"elementor-container elementor-column-gap-default\">\n\t\t\t\t\t<div class=\"elementor-column elementor-col-100 elementor-top-column elementor-element elementor-element-31a2736\" data-id=\"31a2736\" data-element_type=\"column\">\n\t\t\t<div class=\"elementor-widget-wrap\">\n\t\t\t\t\t\t\t\t\t<\/div>\n\t\t<\/div>\n\t\t\t\t\t\t\t<\/div>\n\t\t<\/section>\n\t\t\t\t\t\t\t<\/div>\n\t\t","protected":false},"excerpt":{"rendered":"<p>No trabajamos con menores de edad Ning\u00fan resultado est\u00e1 garantizado al 100%. Todos los resultados var\u00edan seg\u00fan la persona y el seguimiento que se realiza. CONDICIONES DE USO Y T\u00c9RMINOS: Ning\u00fan resultado est\u00e1 garantizado al 100%. Todos los resultados var\u00edan seg\u00fan la persona y el seguimiento que se realiza. ADVERTENCIA: Este sitio debe ser accedido [&hellip;]<\/p>\n","protected":false},"author":1,"featured_media":0,"parent":0,"menu_order":0,"comment_status":"closed","ping_status":"closed","template":"","meta":{"om_disable_all_campaigns":false,"_monsterinsights_skip_tracking":false,"_monsterinsights_sitenote_active":false,"_monsterinsights_sitenote_note":"","_monsterinsights_sitenote_category":0},"aioseo_notices":[],"_links":{"self":[{"href":"https:\/\/brujosfuertesyhechiceros.online\/index.php?rest_route=\/wp\/v2\/pages\/296"}],"collection":[{"href":"https:\/\/brujosfuertesyhechiceros.online\/index.php?rest_route=\/wp\/v2\/pages"}],"about":[{"href":"https:\/\/brujosfuertesyhechiceros.online\/index.php?rest_route=\/wp\/v2\/types\/page"}],"author":[{"embeddable":true,"href":"https:\/\/brujosfuertesyhechiceros.online\/index.php?rest_route=\/wp\/v2\/users\/1"}],"replies":[{"embeddable":true,"href":"https:\/\/brujosfuertesyhechiceros.online\/index.php?rest_route=%2Fwp%2Fv2%2Fcomments&post=296"}],"version-history":[{"count":7,"href":"https:\/\/brujosfuertesyhechiceros.online\/index.php?rest_route=\/wp\/v2\/pages\/296\/revisions"}],"predecessor-version":[{"id":305,"href":"https:\/\/brujosfuertesyhechiceros.online\/index.php?rest_route=\/wp\/v2\/pages\/296\/revisions\/305"}],"wp:attachment":[{"href":"https:\/\/brujosfuertesyhechiceros.online\/index.php?rest_route=%2Fwp%2Fv2%2Fmedia&parent=296"}],"curies":[{"name":"wp","href":"https:\/\/api.w.org\/{rel}","templated":true}]}}